{"id":82,"date":"2021-08-19T21:46:59","date_gmt":"2021-08-19T19:46:59","guid":{"rendered":"http:\/\/www.orlik.kudowa-zdroj.dolnyslask.pl\/?page_id=82"},"modified":"2024-04-08T08:23:14","modified_gmt":"2024-04-08T06:23:14","slug":"o-nas","status":"publish","type":"page","link":"https:\/\/www.orlik.kudowa-zdroj.dolnyslask.pl\/index.php\/o-nas\/","title":{"rendered":"O NAS"},"content":{"rendered":"\n<p>Dolno\u015bl\u0105ska Szko\u0142a Podstawowa Specjalna Nr 4 przy Szpitalu Rehabilitacyjnym Hematologicznym \u201eOrlik\u201d w Kudowie-Zdroju istnieje od roku 1990, tj. od chwili uruchomienia plac\u00f3wki.<br><br>Od wrze\u015bnia 2019 roku plac\u00f3wka poszerzy\u0142a swoj\u0105 ofert\u0119 obejmuj\u0105c opiek\u0105 dydaktyczn\u0105 i opieku\u0144czo-wychowawcz\u0105 dzieci w wieku przedszkolnym (od 3 do 6 lat).<br><br>Dysponujemy 5 salami lekcyjnymi w tym w pe\u0142ni zmodernizowan\u0105 pracowni\u0105 komputerow\u0105 z dost\u0119pem do Internetu, pracowni\u0105 wychowania przedszkolnego z zapleczem sanitarnym, ekologiczn\u0105 pracowni\u0105 kszta\u0142towania wyobra\u017ani (tzw. &#8222;Zielonym domkiem&#8221;), placem zabaw.<br><br>W grudniu 2020 roku plac\u00f3wka przyst\u0105pi\u0142a do programu \u201eAktywna tablica\u201d i zakupi\u0142a 2 75\u2019\u2019monitory interaktywne, kt\u00f3re pod\u0142\u0105czone do szybkiego Internetu stanowi\u0105 bardzo atrakcyjn\u0105 form\u0119 prowadzenia zaj\u0119\u0107 lekcyjnych i opieku\u0144czo-wychowawczych.<br><br>Szko\u0142a zatrudnia nauczycieli i wychowawc\u00f3w (kadra pedagogiczna liczy \u0142\u0105cznie 18 os\u00f3b) oraz pracownik\u00f3w administracji. Dyrektorem szko\u0142y jest pani mgr Katarzyna Szpanier, a w ubieg\u0142ych latach funkcj\u0119 t\u0119 pe\u0142ni\u0142a pani Ma\u0142gorzata Utyra, Ewa Bili\u0144ska i pani Teresa Syposz.<br><br>Grono pedagogiczne realizuj\u0105c tre\u015bci i dzia\u0142ania edukacyjne:<\/p>\n\n\n\n<ul class=\"wp-block-list\">\n<li>dba o wszechstronny rozw\u00f3j indywidualny dziecka oraz jego rewalidacj\u0119;<\/li>\n\n\n\n<li>organizuje zaj\u0119cia wychowawczo-terapeutyczne rozwijaj\u0105ce zainteresowania i osobowo\u015b\u0107 dziecka;<\/li>\n\n\n\n<li>dostosowuje proces nauczania i wychowania do specjalnych potrzeb i psychofizycznych mo\u017cliwo\u015bci dziecka.<\/li>\n<\/ul>\n\n\n\n<p>Szko\u0142a realizuje program szko\u0142y podstawowej, nie pozostawiaj\u0105c bez opieki dydaktycznej i wychowawczej tak\u017ce m\u0142odzie\u017cy starszej. Poza realizacj\u0105 programu staramy si\u0119 uatrakcyjni\u0107 zaj\u0119cia, aby &#8222;uczy\u0107 bawi\u0105c i bawi\u0107 ucz\u0105c&#8221;. Uczniowie maj\u0105 mo\u017cliwo\u015b\u0107 uczestniczenia w \u015brodowych zaj\u0119ciach fakultatywnych (k\u00f3\u0142kach zainteresowania) tj.:<\/p>\n\n\n\n<ul class=\"wp-block-list\">\n<li>k\u00f3\u0142ko chemiczne,<\/li>\n\n\n\n<li>k\u00f3\u0142ko fotograficzne,<\/li>\n\n\n\n<li>k\u00f3\u0142ko &#8222;M\u0142odego Naukowca&#8221;,<\/li>\n\n\n\n<li>k\u00f3\u0142ko kulinarne,<\/li>\n\n\n\n<li>k\u00f3\u0142ko plastyczne,<\/li>\n<\/ul>\n\n\n\n<p><br>Stosowanie indywidualizacji w nauczaniu sprawia, \u017ce ka\u017cdy ucze\u0144 ma mo\u017cliwo\u015b\u0107 rozwijania swoich zainteresowa\u0144. Poniewa\u017c pacjenci naszego szpitala pochodz\u0105 ze wszystkich stron Polski, du\u017c\u0105 wag\u0119 przywi\u0105zujemy do zapoznania ich z pi\u0119knem Ziemi K\u0142odzkiej poprzez du\u017c\u0105 ilo\u015b\u0107 wycieczek, tak autokarowych, jak i pieszych, w ten spos\u00f3b realizuj\u0105c tak\u017ce cel leczniczy (klimatoterapia, terenoterapia).<br><br>Tematyka regionalna jest obecna r\u00f3wnie\u017c na lekcjach przyrody, geografii, historii i na zaj\u0119ciach fakultatywnych. Realizujemy ekologiczn\u0105 \u015bcie\u017ck\u0119 mi\u0119dzyprzedmiotow\u0105 do kt\u00f3rej scenariusze opracowa\u0142a nauczycielka biologii pani Barbara Ryjewska oraz nauczyciele przedmiotowi.<\/p>\n","protected":false},"excerpt":{"rendered":"<p>Dolno\u015bl\u0105ska Szko\u0142a Podstawowa Specjalna Nr 4 przy Szpitalu Rehabilitacyjnym Hematologicznym \u201eOrlik\u201d w Kudowie-Zdroju istnieje od roku 1990, tj. od chwili uruchomienia plac\u00f3wki. Od wrze\u015bnia 2019 roku plac\u00f3wka poszerzy\u0142a swoj\u0105 ofert\u0119 obejmuj\u0105c opiek\u0105 dydaktyczn\u0105 i opieku\u0144czo-wychowawcz\u0105 dzieci w wieku przedszkolnym (od 3 do 6 lat). Dysponujemy 5 salami lekcyjnymi w tym w pe\u0142ni zmodernizowan\u0105 pracowni\u0105 komputerow\u0105 [&hellip;]<\/p>\n","protected":false},"author":3,"featured_media":0,"parent":0,"menu_order":0,"comment_status":"closed","ping_status":"closed","template":"","meta":{"footnotes":""},"class_list":["post-82","page","type-page","status-publish","hentry"],"_links":{"self":[{"href":"https:\/\/www.orlik.kudowa-zdroj.dolnyslask.pl\/index.php\/wp-json\/wp\/v2\/pages\/82","targetHints":{"allow":["GET"]}}],"collection":[{"href":"https:\/\/www.orlik.kudowa-zdroj.dolnyslask.pl\/index.php\/wp-json\/wp\/v2\/pages"}],"about":[{"href":"https:\/\/www.orlik.kudowa-zdroj.dolnyslask.pl\/index.php\/wp-json\/wp\/v2\/types\/page"}],"author":[{"embeddable":true,"href":"https:\/\/www.orlik.kudowa-zdroj.dolnyslask.pl\/index.php\/wp-json\/wp\/v2\/users\/3"}],"replies":[{"embeddable":true,"href":"https:\/\/www.orlik.kudowa-zdroj.dolnyslask.pl\/index.php\/wp-json\/wp\/v2\/comments?post=82"}],"version-history":[{"count":3,"href":"https:\/\/www.orlik.kudowa-zdroj.dolnyslask.pl\/index.php\/wp-json\/wp\/v2\/pages\/82\/revisions"}],"predecessor-version":[{"id":2920,"href":"https:\/\/www.orlik.kudowa-zdroj.dolnyslask.pl\/index.php\/wp-json\/wp\/v2\/pages\/82\/revisions\/2920"}],"wp:attachment":[{"href":"https:\/\/www.orlik.kudowa-zdroj.dolnyslask.pl\/index.php\/wp-json\/wp\/v2\/media?parent=82"}],"curies":[{"name":"wp","href":"https:\/\/api.w.org\/{rel}","templated":true}]}}