{"id":3493,"date":"2024-08-05T10:28:14","date_gmt":"2024-08-05T08:28:14","guid":{"rendered":"https:\/\/www.orlik.kudowa-zdroj.dolnyslask.pl\/?page_id=3493"},"modified":"2024-08-05T10:28:14","modified_gmt":"2024-08-05T08:28:14","slug":"obowiazek-szkolny-dla-dzieci-z-ukrainy","status":"publish","type":"page","link":"https:\/\/www.orlik.kudowa-zdroj.dolnyslask.pl\/index.php\/obowiazek-szkolny-dla-dzieci-z-ukrainy\/","title":{"rendered":"OBOWI\u0104ZEK SZKOLNY DLA DZIECI Z UKRAINY"},"content":{"rendered":"\n<p>Obowi\u0105zek szkolny i obowi\u0105zek nauki dla dzieci i m\u0142odzie\u017cy z Ukrainy<\/p>\n\n\n\n<figure class=\"wp-block-table\"><table class=\"has-fixed-layout\"><tbody><tr><td>Szanowni Pa\u0144stwo,Zwracam si\u0119 z uprzejm\u0105 pro\u015bb\u0105 o wsparcie MEN przy rozpowszechnianiu informacji na temat obowi\u0105zku szkolnego i obowi\u0105zku nauki w Polsce dla uczni\u00f3w z Ukrainy. Od 1 wrze\u015bnia dzieci i m\u0142odzie\u017c z Ukrainy zostan\u0105 obj\u0119ci obowi\u0105zkiem szkolnym i obowi\u0105zkiem nauki, powi\u0105zanym z pobieraniem \u015bwiadczenia wychowawczego (tzw. 800+). Wielu nowych uczni\u00f3w rozpocznie nauk\u0119 w polskich szko\u0142ach i w ocenie MEN istotne jest, aby zar\u00f3wno oni, jak i ich rodziny by\u0142y \u015bwiadome nowych przepis\u00f3w oraz mo\u017cliwo\u015bci i szans edukacyjnych.Za\u0142\u0105czam ulotk\u0119 informacyjn\u0105, kt\u00f3ra zawiera kluczowe informacje na temat wprowadzonego dla dzieci uchod\u017aczych obowi\u0105zku edukacyjnego oraz dost\u0119pnych form wsparcia dla uczni\u00f3w z Ukrainy. Uprzejmie prosz\u0119 o udost\u0119pnienie ulotki\/grafiki na stronach internetowych oraz w kana\u0142ach w social mediach, je\u015bli Pa\u0144stwo takowe prowadz\u0105. W miar\u0119 mo\u017cliwo\u015bci prosimy r\u00f3wnie\u017c o wydrukowanie i zawieszenie w widocznym miejscu lub na zewn\u0119trznej tablicy og\u0142osze\u0144.&nbsp;<br><br>Ulotk\u0119 przesy\u0142amy w kilku wersjach (po polsku i po ukrai\u0144sku): 1) jpg [grafiki np. na stron\u0119 szko\u0142y] oraz 2) pdf [jeden z plik\u00f3w do druku, drugi do za\u0142\u0105czenia w wybranym miejscu]Wierz\u0119, \u017ce wsp\u00f3lne dzia\u0142ania przyczyni\u0105 si\u0119 do lepszej integracji uczni\u00f3w z Ukrainy i zapewnienia im odpowiedniego wsparcia edukacyjnego.&nbsp;<\/td><\/tr><tr><td>Z powa\u017caniem<br>Kacper Lawera<br>Dyrektor Departamentu Komunikacji&nbsp;<br>Ministerstwo Edukacji Narodowej<\/td><\/tr><tr><td><br>Za\u0142\u0105czniki:<br><a href=\"https:\/\/es.sonicurlprotection-fra.com\/click?PV=2&amp;MSGID=202408010902310202195&amp;URLID=4&amp;ESV=10.0.29.7965&amp;IV=9C76062C03CB20D17B7547A618BC7862&amp;TT=1722502955816&amp;ESN=zPDyoL0MAWFM%2B84tkpcPXwYJ%2BGpLyXukd8spii8u2MY%3D&amp;KV=1536961729280&amp;B64_ENCODED_URL=aHR0cHM6Ly9kb2t1bWVudHkubWVuLmdvdi5wbC8zM2I4NmQwOC1hNGQxLTRiNDQtOTlkYS04YTk3YmQxMGY2ZDgvdWxvdGthaW5mb3JtYWN5am5hbWVuLnBkZg&amp;HK=932264633F12CE41770A582D2CDC90B39ADD859B70D8F714C89FD70564D9EB3E\" target=\"_blank\" rel=\"noreferrer noopener\">Ulotka informacyjna MEN<\/a><br><a href=\"https:\/\/es.sonicurlprotection-fra.com\/click?PV=2&amp;MSGID=202408010902310202195&amp;URLID=3&amp;ESV=10.0.29.7965&amp;IV=58F4D7666C8CFA3C81CAEFD2F5109256&amp;TT=1722502955816&amp;ESN=opzo0pk%2B%2F7iWeSgqA50Gn%2Bszt0gUIKc0CzsJ5peuhIk%3D&amp;KV=1536961729280&amp;B64_ENCODED_URL=aHR0cHM6Ly9kb2t1bWVudHkubWVuLmdvdi5wbC81NjU1M2Q0Ny0yNWIwLTRkM2MtYmY0NS0xNjBmYTIxNmVkNzAvdWxvdGthaW5mb3JtYWN5am5hbWVuX3VhLmpwZw&amp;HK=C38817E80530DAFB595ABBDC5CDC0DF6F8C43F6BBB7465B0F6C0244C9F6B178F\" target=\"_blank\" rel=\"noreferrer noopener\">Ulotka informacyjna MEN_UA<\/a><br><a href=\"https:\/\/es.sonicurlprotection-fra.com\/click?PV=2&amp;MSGID=202408010902310202195&amp;URLID=2&amp;ESV=10.0.29.7965&amp;IV=6A95FE206945043ABC5346322CE41F02&amp;TT=1722502955816&amp;ESN=%2Be0e3eXjP24F3prOi7W7U%2FpDZ3ZWsnxe9KjY26WAaNk%3D&amp;KV=1536961729280&amp;B64_ENCODED_URL=aHR0cHM6Ly9kb2t1bWVudHkubWVuLmdvdi5wbC84MGM4YjQ5MS1lNDJhLTRjMTAtOWYxNC01YzEwYjIzNmNiMmUvdWxvdGthaW5mb3JtYWN5am5hbWVuX2RvZHJ1a3UucGRm&amp;HK=E12AB5A3418395D4070A9FE64A701DF1A018A63AC90AA166449E807141F6FC97\" target=\"_blank\" rel=\"noreferrer noopener\">Ulotka informacyjna MEN_do druku<\/a><br><a href=\"https:\/\/es.sonicurlprotection-fra.com\/click?PV=2&amp;MSGID=202408010902310202195&amp;URLID=1&amp;ESV=10.0.29.7965&amp;IV=26ACDD8C53066341E33791945ED8FB90&amp;TT=1722502955816&amp;ESN=nWCn8tU%2BsPU7UCoFWuRbFlGaW%2FMjCmflzP1Ccuesbvg%3D&amp;KV=1536961729280&amp;B64_ENCODED_URL=aHR0cHM6Ly9kb2t1bWVudHkubWVuLmdvdi5wbC9lZDJiODI3MS1hZjA3LTQxNzMtYTA5NS03NzkwZmVjMGQxNTcvdWxvdGthaW5mb3JtYWN5am5hbWVuX3BsLmpwZw&amp;HK=A0172E326F2F8FB4874898CAC90BE9F91281B28DCBA47C12A88274EAC58DF53F\" target=\"_blank\" rel=\"noreferrer noopener\">Ulotka informacyjna MEN_PL<\/a><\/td><\/tr><\/tbody><\/table><\/figure>\n","protected":false},"excerpt":{"rendered":"<p>Obowi\u0105zek szkolny i obowi\u0105zek nauki dla dzieci i m\u0142odzie\u017cy z Ukrainy Szanowni Pa\u0144stwo,Zwracam si\u0119 z uprzejm\u0105 pro\u015bb\u0105 o wsparcie MEN przy rozpowszechnianiu informacji na temat obowi\u0105zku szkolnego i obowi\u0105zku nauki w Polsce dla uczni\u00f3w z Ukrainy. Od 1 wrze\u015bnia dzieci i m\u0142odzie\u017c z Ukrainy zostan\u0105 obj\u0119ci obowi\u0105zkiem szkolnym i obowi\u0105zkiem nauki, powi\u0105zanym z pobieraniem \u015bwiadczenia [&hellip;]<\/p>\n","protected":false},"author":3,"featured_media":0,"parent":0,"menu_order":0,"comment_status":"closed","ping_status":"closed","template":"","meta":{"footnotes":""},"class_list":["post-3493","page","type-page","status-publish","hentry"],"_links":{"self":[{"href":"https:\/\/www.orlik.kudowa-zdroj.dolnyslask.pl\/index.php\/wp-json\/wp\/v2\/pages\/3493","targetHints":{"allow":["GET"]}}],"collection":[{"href":"https:\/\/www.orlik.kudowa-zdroj.dolnyslask.pl\/index.php\/wp-json\/wp\/v2\/pages"}],"about":[{"href":"https:\/\/www.orlik.kudowa-zdroj.dolnyslask.pl\/index.php\/wp-json\/wp\/v2\/types\/page"}],"author":[{"embeddable":true,"href":"https:\/\/www.orlik.kudowa-zdroj.dolnyslask.pl\/index.php\/wp-json\/wp\/v2\/users\/3"}],"replies":[{"embeddable":true,"href":"https:\/\/www.orlik.kudowa-zdroj.dolnyslask.pl\/index.php\/wp-json\/wp\/v2\/comments?post=3493"}],"version-history":[{"count":1,"href":"https:\/\/www.orlik.kudowa-zdroj.dolnyslask.pl\/index.php\/wp-json\/wp\/v2\/pages\/3493\/revisions"}],"predecessor-version":[{"id":3496,"href":"https:\/\/www.orlik.kudowa-zdroj.dolnyslask.pl\/index.php\/wp-json\/wp\/v2\/pages\/3493\/revisions\/3496"}],"wp:attachment":[{"href":"https:\/\/www.orlik.kudowa-zdroj.dolnyslask.pl\/index.php\/wp-json\/wp\/v2\/media?parent=3493"}],"curies":[{"name":"wp","href":"https:\/\/api.w.org\/{rel}","templated":true}]}}