{"id":3442,"date":"2024-06-12T12:58:45","date_gmt":"2024-06-12T10:58:45","guid":{"rendered":"http:\/\/www.orlik.kudowa-zdroj.dolnyslask.pl\/?page_id=3442"},"modified":"2024-06-12T12:58:45","modified_gmt":"2024-06-12T10:58:45","slug":"wsparcie-rowiesnicze","status":"publish","type":"page","link":"https:\/\/www.orlik.kudowa-zdroj.dolnyslask.pl\/index.php\/wsparcie-rowiesnicze\/","title":{"rendered":"WSPARCIE R\u00d3WIE\u015aNICZE"},"content":{"rendered":"\n<p>Szanowni Pa\u0144stwo Dyrektorzy,<\/p>\n\n\n\n<p>Fundacja OFF school i Fundacja TVN zapraszaj\u0105 do zapoznania si\u0119 z opisem i materia\u0142ami edukacyjnymi projektu partycypacyjnego pn.: \u201ePunkt Zwrotny &#8211; wsparcie r\u00f3wie\u015bnicze ratuje \u017cycie.\u201d<\/p>\n\n\n\n<p><a href=\"https:\/\/es.sonicurlprotection-fra.com\/click?PV=2&amp;MSGID=202406031148300175857&amp;URLID=2&amp;ESV=10.0.26.7807&amp;IV=C5DFD14E2F2EC917DAAA2FE6CF3FD810&amp;TT=1717415311102&amp;ESN=aqa0G9aPK%2BsOq29N8DoF9e%2FY4DNG%2FDovr2vVoETVJJs%3D&amp;KV=1536961729280&amp;B64_ENCODED_URL=aHR0cDovL3dzcGFyY2llcm93aWVzbmljemUuZWR1LnBsLyUyMA&amp;HK=3133D0AED35EBC5F2E1A44380497AE6393B9600589645937B9ECEDFA09D30F0B\" target=\"_blank\" rel=\"noreferrer noopener\">http:\/\/wsparcierowiesnicze.edu.pl\/<\/a><\/p>\n\n\n\n<p>Celem projektu jest zapobieganie samob\u00f3jstwom w\u015br\u00f3d m\u0142odzie\u017cy poprzez edukacj\u0119 i budowanie \u015bwiadomo\u015bci na temat zdrowia psychicznego.<\/p>\n\n\n\n<p>Kuratorium O\u015bwiaty we Wroc\u0142awiu<\/p>\n\n\n\n<p>Plac Powsta\u0144c\u00f3w Warszawy 1<\/p>\n\n\n\n<p>50-153 Wroc\u0142aw<\/p>\n","protected":false},"excerpt":{"rendered":"<p>Szanowni Pa\u0144stwo Dyrektorzy, Fundacja OFF school i Fundacja TVN zapraszaj\u0105 do zapoznania si\u0119 z opisem i materia\u0142ami edukacyjnymi projektu partycypacyjnego pn.: \u201ePunkt Zwrotny &#8211; wsparcie r\u00f3wie\u015bnicze ratuje \u017cycie.\u201d http:\/\/wsparcierowiesnicze.edu.pl\/ Celem projektu jest zapobieganie samob\u00f3jstwom w\u015br\u00f3d m\u0142odzie\u017cy poprzez edukacj\u0119 i budowanie \u015bwiadomo\u015bci na temat zdrowia psychicznego. Kuratorium O\u015bwiaty we Wroc\u0142awiu Plac Powsta\u0144c\u00f3w Warszawy 1 50-153 Wroc\u0142aw<\/p>\n","protected":false},"author":3,"featured_media":0,"parent":0,"menu_order":0,"comment_status":"closed","ping_status":"closed","template":"","meta":{"footnotes":""},"class_list":["post-3442","page","type-page","status-publish","hentry"],"_links":{"self":[{"href":"https:\/\/www.orlik.kudowa-zdroj.dolnyslask.pl\/index.php\/wp-json\/wp\/v2\/pages\/3442","targetHints":{"allow":["GET"]}}],"collection":[{"href":"https:\/\/www.orlik.kudowa-zdroj.dolnyslask.pl\/index.php\/wp-json\/wp\/v2\/pages"}],"about":[{"href":"https:\/\/www.orlik.kudowa-zdroj.dolnyslask.pl\/index.php\/wp-json\/wp\/v2\/types\/page"}],"author":[{"embeddable":true,"href":"https:\/\/www.orlik.kudowa-zdroj.dolnyslask.pl\/index.php\/wp-json\/wp\/v2\/users\/3"}],"replies":[{"embeddable":true,"href":"https:\/\/www.orlik.kudowa-zdroj.dolnyslask.pl\/index.php\/wp-json\/wp\/v2\/comments?post=3442"}],"version-history":[{"count":1,"href":"https:\/\/www.orlik.kudowa-zdroj.dolnyslask.pl\/index.php\/wp-json\/wp\/v2\/pages\/3442\/revisions"}],"predecessor-version":[{"id":3445,"href":"https:\/\/www.orlik.kudowa-zdroj.dolnyslask.pl\/index.php\/wp-json\/wp\/v2\/pages\/3442\/revisions\/3445"}],"wp:attachment":[{"href":"https:\/\/www.orlik.kudowa-zdroj.dolnyslask.pl\/index.php\/wp-json\/wp\/v2\/media?parent=3442"}],"curies":[{"name":"wp","href":"https:\/\/api.w.org\/{rel}","templated":true}]}}