{"id":2415,"date":"2023-09-25T19:42:03","date_gmt":"2023-09-25T17:42:03","guid":{"rendered":"http:\/\/www.orlik.kudowa-zdroj.dolnyslask.pl\/?page_id=2415"},"modified":"2025-06-11T08:18:15","modified_gmt":"2025-06-11T06:18:15","slug":"konkursy","status":"publish","type":"page","link":"https:\/\/www.orlik.kudowa-zdroj.dolnyslask.pl\/index.php\/konkursy\/","title":{"rendered":"KONKURSY"},"content":{"rendered":"\n<ul class=\"wp-block-list has-extra-large-font-size\">\n<li>Konkurs na logo szko\u0142y dla student\u00f3w ASP we Wroc\u0142awiu<\/li>\n\n\n\n<li><\/li>\n\n\n\n<li>Konkurs wiedzy o Wojew\u00f3dztwie Dolno\u015bl\u0105skim z okazji 25-lecia <\/li>\n\n\n\n<li><\/li>\n\n\n\n<li>Olimpiada mi\u0119dzyszkolna &#8222;Rummikub&#8221;<\/li>\n\n\n\n<li><\/li>\n\n\n\n<li>Konkurs ortograficzny dla Szk\u00f3\u0142 Kudowskich<\/li>\n\n\n\n<li><\/li>\n\n\n\n<li>Konkurs mi\u0119dzy-przedszkolny pt. &#8222;Posta\u0107 stra\u017caka oczami przedszkolaka&#8221;<\/li>\n\n\n\n<li><\/li>\n\n\n\n<li>Konkurs artystyczny z piosenkami Violetty Villas<\/li>\n\n\n\n<li><\/li>\n<\/ul>\n\n\n\n<p><\/p>\n\n\n\n<p><\/p>\n","protected":false},"excerpt":{"rendered":"","protected":false},"author":3,"featured_media":0,"parent":0,"menu_order":0,"comment_status":"closed","ping_status":"closed","template":"","meta":{"footnotes":""},"class_list":["post-2415","page","type-page","status-publish","hentry"],"_links":{"self":[{"href":"https:\/\/www.orlik.kudowa-zdroj.dolnyslask.pl\/index.php\/wp-json\/wp\/v2\/pages\/2415","targetHints":{"allow":["GET"]}}],"collection":[{"href":"https:\/\/www.orlik.kudowa-zdroj.dolnyslask.pl\/index.php\/wp-json\/wp\/v2\/pages"}],"about":[{"href":"https:\/\/www.orlik.kudowa-zdroj.dolnyslask.pl\/index.php\/wp-json\/wp\/v2\/types\/page"}],"author":[{"embeddable":true,"href":"https:\/\/www.orlik.kudowa-zdroj.dolnyslask.pl\/index.php\/wp-json\/wp\/v2\/users\/3"}],"replies":[{"embeddable":true,"href":"https:\/\/www.orlik.kudowa-zdroj.dolnyslask.pl\/index.php\/wp-json\/wp\/v2\/comments?post=2415"}],"version-history":[{"count":3,"href":"https:\/\/www.orlik.kudowa-zdroj.dolnyslask.pl\/index.php\/wp-json\/wp\/v2\/pages\/2415\/revisions"}],"predecessor-version":[{"id":4703,"href":"https:\/\/www.orlik.kudowa-zdroj.dolnyslask.pl\/index.php\/wp-json\/wp\/v2\/pages\/2415\/revisions\/4703"}],"wp:attachment":[{"href":"https:\/\/www.orlik.kudowa-zdroj.dolnyslask.pl\/index.php\/wp-json\/wp\/v2\/media?parent=2415"}],"curies":[{"name":"wp","href":"https:\/\/api.w.org\/{rel}","templated":true}]}}